e
Is 1090080671 a composite number?
True
Is 6890829999 composite?
True
Is 573953701 prime?
True
Is 14383277 a composite number?
True
Is 3488061719 a composite number?
True
Is 924131777 a composite number?
True
Is 3993012787 a composite number?
False
Is 7376948423 prime?
False
Is 69674323 a prime number?
True
Is 832045891 a prime number?
False
Is 89526070373 a composite number?
True
Is 9542613121 a prime number?
True
Is 1937538947 composite?
False
Is 74360906 a prime number?
False
Is 7395442643 a composite number?
True
Is 15898738903 prime?
True
Is 215504339 composite?
False
Is 10529285045 a prime number?
False
Is 544789697 a prime number?
False
Is 205843039 composite?
False
Is 1588898159 a composite number?
False
Is 4251620921 composite?
True
Is 1120127809 prime?
False
Is 13097324173 a prime number?
False
Is 103563209 a prime number?
True
Is 10699768763 a prime number?
False
Is 39032326907 a prime number?
False
Is 37786245499 a prime number?
False
Is 19375060742 composite?
True
Is 37687839185 a composite number?
True
Is 77804789 a prime number?
True
Is 474509983 composite?
False
Is 3104715569 a prime number?
False
Is 17412005431 composite?
False
Is 282372187 prime?
False
Is 9521708783 a prime number?
True
Is 7725355019 prime?
False
Is 32055974399 composite?
False
Is 4166907523 a composite number?
False
Is 43684731397 composite?
True
Is 1310779 composite?
False
Is 188036995 composite?
True
Is 3391094771 prime?
False
Is 157818333379 prime?
False
Is 41898291007 composite?
True
Is 1399292597 prime?
True
Is 97509833 composite?
False
Is 36677064019 composite?
False
Is 1859188138 a composite number?
True
Is 850010009 a prime number?
True
Is 7526921761 prime?
True
Is 9797978329 composite?
False
Is 130405757 prime?
True
Is 5027057863 a composite number?
True
Is 780051071 composite?
False
Is 781472719 a prime number?
True
Is 10558701529 a prime number?
True
Is 68064005677 a composite number?
True
Is 243058790699 composite?
True
Is 37664071 a composite number?
True
Is 28227389 prime?
False
Is 1674890419 a composite number?
False
Is 10317154069 a prime number?
False
Is 454851478 a composite number?
True
Is 14798360281 a prime number?
False
Is 32754793003 prime?
True
Is 22156689899 prime?
False
Is 2381459447 composite?
True
Is 2133640781 composite?
True
Is 2436975083 a composite number?
True
Is 2648446649 composite?
False
Is 1749690029 a prime number?
False
Is 129008314991 composite?
True
Is 142004549 a composite number?
True
Is 3343969833 prime?
False
Is 9523872427 prime?
True
Is 19863020059 a prime number?
True
Is 25868891179 a prime number?
True
Is 685445177 a composite number?
True
Is 8717495767 a prime number?
False
Is 12333297793 a prime number?
False
Is 7058423 a prime number?
False
Is 731145001 composite?
True
Is 1609968889 a prime number?
False
Is 3834643187 a prime number?
False
Is 900971231 a prime number?
False
Is 42482051 a composite number?
False
Is 735014693 a prime number?
False
Is 190921189 composite?
False
Is 732918353 prime?
False
Is 5619066787 prime?
False
Is 815714839 prime?
False
Is 4850307569 composite?
True
Is 838235327 a composite number?
False
Is 1628742587 prime?
False
Is 8542136453 composite?
True
Is 3673248269 a prime number?
True
Is 131168110643 prime?
False
Is 4171029223 a prime number?
True
Is 13761755921 composite?
True
Is 1861061497 a composite number?
True
Is 1530650411 prime?
True
Is 56011660919 a prime number?
True
Is 1395210899 composite?
False
Is 116691983 composite?
True
Is 25385997521 prime?
True
Is 572821141 composite?
True
Is 7707645703 prime?
True
Is 77986585627 a composite number?
False
Is 274295897 a composite number?
True
Is 237954643 prime?
True
Is 102736069 composite?
True
Is 26927976839 composite?
True
Is 92459826691 a composite number?
True
Is 58781552389 a composite number?
True
Is 219539137 prime?
True
Is 259162727 prime?
True
Is 1627060447 composite?
False
Is 965004809 a composite number?
False
Is 5369607161 composite?
True
Is 3709365851 a prime number?
True
Is 5011099267 a prime number?
True
Is 499503253 composite?
False
Is 20332437001 prime?
True
Is 5076238415 a composite number?
True
Is 12257257178 prime?
False
Is 8875650961 a composite number?
False
Is 26626314166 a composite number?
True
Is 17409032285 prime?
False
Is 35030428579 a prime number?
True
Is 173402987 prime?
False
Is 3993553339 composite?
True
Is 194982026 prime?
False
Is 1218989093 a composite number?
True
Is 90973921739 composite?
False
Is 148759523243 composite?
False
Is 730492759 composite?
True
Is 22061852297 a composite number?
False
Is 2871238303 prime?
True
Is 3662311619 a prime number?
True
Is 1218027121 a composite number?
False
Is 10253268743 prime?
False
Is 23155509161 a composite number?
False
Is 141250079 composite?
True
Is 51463233967 a prime number?
False
Is 1500084899 composite?
False
Is 719713219 a prime number?
False
Is 2699235439 composite?
True
Is 582636815 prime?
False
Is 206423668982 a composite number?
True
Is 9923648509 prime?
True
Is 25343256551 a composite number?
True
Is 147539129 prime?
True
Is 41140160615 prime?
False
Is 440689237 a prime number?
False
Is 48752759 a composite number?
True
Is 6840950261 a composite number?
True
Is 9360796127 a prime number?
True
Is 15047738021 prime?
False
Is 344445917 a prime number?
True
Is 65032865411 composite?
True
Is 1227831107 a prime number?
True
Is 2088555065 a composite number?
True
Is 4914024697 a prime number?
False
Is 4291783597 a prime number?
False
Is 244184953 a composite number?
False
Is 7710582161 composite?
False
Is 28883291951 a composite number?
False
Is 2841398887 a composite number?
True
Is 915380189 prime?
False
Is 3106730483 prime?
True
Is 2378823641 a prime number?
True
Is 1068810949 composite?
True
Is 245717183 prime?
True
Is 2312505995 a prime number?
False
Is 10154072953 composite?
True
Is 43430343647 composite?
True
Is 103218211 a composite number?
False
Is 1824726493 composite?
False
Is 932848723 a prime number?
False
Is 4117956599 a prime number?
True
Is 879774209 composite?
True
Is 2707213459 composite?
True
Is 1983484781 a composite number?
True
Is 3483143627 prime?
True
Is 594113531 a composite number?
True
Is 141929831 composite?
False
Is 18198091 a prime number?
True
Is 13211686469 a prime number?
True
Is 15279353753 prime?
True
Is 698346407 a composite number?
True
Is 156890743 a composite number?
False
Is 12479496557 a prime number?
False
Is 116891557 prime?
True
Is 2444777833 composite?
True
Is 74922774893 a prime number?
False
Is 109107205 composite?
True
Is 8536550543 a composite number?
True
Is 1457449633 composite?
False
Is 4134407669 prime?
False
Is 58804244557 prime?
False
Is 21258068519 a composite number?
False
Is 6059654735 a prime number?
False
Is 2903816137 a composite number?
False
Is 450739279 composite?
True
Is 1323769963 a composite number?
False
Is 6168632201 prime?
True
Is 1442998889 a prime number?
False
Is 566255401 prime?
True
Is 7923515455 prime?
False
Is 18980947 prime?
True
Is 334265377 prime?
True
Is 37014467857 a composite number?
False
Is 609013123 composite?
True
Is 3618045139 composite?
False
Is 25712651969 composite?
False
Is 4907893783 a composite number?
True
Is 2655776089 a composite number?
True
Is 25216882553 composite?
False
Is 3360757349 a prime number?
False
Is 649443191 prime?
True
Is 162800597 a prime number?
True
Is 1534243973 prime?
False
Is 2216512757 a prime number?
False
Is 281009341 a composite number?
False
Is 23827998719 composite?
True
Is 95465029 a composite number?
True
Is 613691801 a composite number?
True
Is 498269911 a prime number?
False
Is 814894483 prime?
False
Is 1048686227 composite?
True
Is 3404157115 a prime number?
False
Is 13403097797 prime?
True
Is 10841929 a composite number?
True
Is 167841277 a prime number?
False
Is 3088893187 a prime number?
False
Is 11482206067 prime?
False
Is 2289034639 prime?
False
Is 638773039 a prime number?
False
Is 26922120853 a composite number?
True
Is 4956066961 composite?
True
Is 39203411081 composite?
False
Is 233766727 prime?
True
Is 5096950487 prime?
True
Is 13254853987 a prime number?
False
Is 142760660435 prime?
False
Is 136917825455 composite?
True
Is 182060009 a prime number?
True
Is 5883932159 a prime number?
False
Is 11353594961